[INFO] cloning repository https://github.com/RaspPiTor/predictive
[INFO] running `Command { std: "git" "-c" "credential.helper=" "-c" "credential.helper=/workspace/cargo-home/bin/git-credential-null" "clone" "--bare" "https://github.com/RaspPiTor/predictive" "/workspace/cache/git-repos/https%3A%2F%2Fgithub.com%2FRaspPiTor%2Fpredictive", kill_on_drop: false }`
[INFO] [stderr] Cloning into bare repository '/workspace/cache/git-repos/https%3A%2F%2Fgithub.com%2FRaspPiTor%2Fpredictive'...
[INFO] running `Command { std: "git" "rev-parse" "HEAD", kill_on_drop: false }`
[INFO] [stdout] 1f775bbdb2cb2a6b5069eb59211e72b4d08e77c7
[INFO] checking RaspPiTor/predictive against master#9610dfe5a9a731ced1ea4923ecbd0c57fe367898 for beta-170-4
[INFO] running `Command { std: "git" "clone" "/workspace/cache/git-repos/https%3A%2F%2Fgithub.com%2FRaspPiTor%2Fpredictive" "/workspace/builds/worker-3-tc1/source", kill_on_drop: false }`
[INFO] [stderr] Cloning into '/workspace/builds/worker-3-tc1/source'...
[INFO] [stderr] done.
[INFO] validating manifest of git repo https://github.com/RaspPiTor/predictive on toolchain 9610dfe5a9a731ced1ea4923ecbd0c57fe367898
[INFO] running `Command { std: CARGO_HOME="/workspace/cargo-home" RUSTUP_HOME="/workspace/rustup-home" "/workspace/cargo-home/bin/cargo" "+9610dfe5a9a731ced1ea4923ecbd0c57fe367898" "metadata" "--manifest-path" "Cargo.toml" "--no-deps", kill_on_drop: false }`
[INFO] started tweaking git repo https://github.com/RaspPiTor/predictive
[INFO] finished tweaking git repo https://github.com/RaspPiTor/predictive
[INFO] tweaked toml for git repo https://github.com/RaspPiTor/predictive written to /workspace/builds/worker-3-tc1/source/Cargo.toml
[INFO] crate git repo https://github.com/RaspPiTor/predictive already has a lockfile, it will not be regenerated
[INFO] running `Command { std: CARGO_HOME="/workspace/cargo-home" RUSTUP_HOME="/workspace/rustup-home" "/workspace/cargo-home/bin/cargo" "+9610dfe5a9a731ced1ea4923ecbd0c57fe367898" "fetch" "--manifest-path" "Cargo.toml", kill_on_drop: false }`
[INFO] [stderr]  Downloading crates ...
[INFO] [stderr]   Downloaded fuchsia-cprng v0.1.0
[INFO] running `Command { std: "docker" "create" "-v" "/var/lib/crater-agent-workspace/builds/worker-3-tc1/target:/opt/rustwide/target:rw,Z" "-v" "/var/lib/crater-agent-workspace/builds/worker-3-tc1/source:/opt/rustwide/workdir:ro,Z" "-v" "/var/lib/crater-agent-workspace/cargo-home:/opt/rustwide/cargo-home:ro,Z" "-v" "/var/lib/crater-agent-workspace/rustup-home:/opt/rustwide/rustup-home:ro,Z" "-e" "SOURCE_DIR=/opt/rustwide/workdir" "-e" "CARGO_TARGET_DIR=/opt/rustwide/target" "-e" "CARGO_HOME=/opt/rustwide/cargo-home" "-e" "RUSTUP_HOME=/opt/rustwide/rustup-home" "-w" "/opt/rustwide/workdir" "-m" "1610612736" "--user" "0:0" "--network" "none" "ghcr.io/rust-lang/crates-build-env/linux@sha256:19e73879b68f455e41552ea35293514db52ea292d993f571636dbffedb77a1ee" "/opt/rustwide/cargo-home/bin/cargo" "+9610dfe5a9a731ced1ea4923ecbd0c57fe367898" "metadata" "--no-deps" "--format-version=1", kill_on_drop: false }`
[INFO] [stdout] de43b9575f1118fc754af2b5d56e0481c55b7248acc30821b440c11b49f4f1fe
[INFO] running `Command { std: "docker" "start" "-a" "de43b9575f1118fc754af2b5d56e0481c55b7248acc30821b440c11b49f4f1fe", kill_on_drop: false }`
[INFO] running `Command { std: "docker" "inspect" "de43b9575f1118fc754af2b5d56e0481c55b7248acc30821b440c11b49f4f1fe", kill_on_drop: false }`
[INFO] running `Command { std: "docker" "rm" "-f" "de43b9575f1118fc754af2b5d56e0481c55b7248acc30821b440c11b49f4f1fe", kill_on_drop: false }`
[INFO] [stdout] de43b9575f1118fc754af2b5d56e0481c55b7248acc30821b440c11b49f4f1fe
[INFO] running `Command { std: "docker" "create" "-v" "/var/lib/crater-agent-workspace/builds/worker-3-tc1/target:/opt/rustwide/target:rw,Z" "-v" "/var/lib/crater-agent-workspace/builds/worker-3-tc1/source:/opt/rustwide/workdir:ro,Z" "-v" "/var/lib/crater-agent-workspace/cargo-home:/opt/rustwide/cargo-home:ro,Z" "-v" "/var/lib/crater-agent-workspace/rustup-home:/opt/rustwide/rustup-home:ro,Z" "-e" "SOURCE_DIR=/opt/rustwide/workdir" "-e" "CARGO_TARGET_DIR=/opt/rustwide/target" "-e" "CARGO_INCREMENTAL=0" "-e" "RUST_BACKTRACE=full" "-e" "RUSTFLAGS=--cap-lints=forbid" "-e" "RUSTDOCFLAGS=--cap-lints=forbid" "-e" "CARGO_HOME=/opt/rustwide/cargo-home" "-e" "RUSTUP_HOME=/opt/rustwide/rustup-home" "-w" "/opt/rustwide/workdir" "-m" "1610612736" "--user" "0:0" "--network" "none" "ghcr.io/rust-lang/crates-build-env/linux@sha256:19e73879b68f455e41552ea35293514db52ea292d993f571636dbffedb77a1ee" "/opt/rustwide/cargo-home/bin/cargo" "+9610dfe5a9a731ced1ea4923ecbd0c57fe367898" "check" "--frozen" "--all" "--all-targets" "--message-format=json", kill_on_drop: false }`
[INFO] [stdout] eb9d78fd93c2ce72b3907cca317d4e98e580007a204fe1ab0ffc8e94e2a5c26a
[INFO] running `Command { std: "docker" "start" "-a" "eb9d78fd93c2ce72b3907cca317d4e98e580007a204fe1ab0ffc8e94e2a5c26a", kill_on_drop: false }`
[INFO] [stderr]     Checking rand v0.4.6
[INFO] [stderr]     Checking predictive v0.1.0 (/opt/rustwide/workdir)
[INFO] [stdout] warning: unnecessary braces around `if` condition
[INFO] [stdout]   --> src/lib.rs:68:48
[INFO] [stdout]    |
[INFO] [stdout] 68 |         let largest_layer_capacity: usize = if { nodes_in_layer + 1 > output_size } {
[INFO] [stdout]    |                                                ^^                                ^^
[INFO] [stdout]    |
[INFO] [stdout]    = note: `#[warn(unused_braces)]` on by default
[INFO] [stdout] help: remove these braces
[INFO] [stdout]    |
[INFO] [stdout] 68 -         let largest_layer_capacity: usize = if { nodes_in_layer + 1 > output_size } {
[INFO] [stdout] 68 +         let largest_layer_capacity: usize = if nodes_in_layer + 1 > output_size {
[INFO] [stdout]    |
[INFO] [stdout] 
[INFO] [stdout] 
[INFO] [stdout] warning: unnecessary braces around `if` condition
[INFO] [stdout]    --> src/lib.rs:245:28
[INFO] [stdout]     |
[INFO] [stdout] 245 |                         if { current_score < last_current_score } {
[INFO] [stdout]     |                            ^^                                  ^^
[INFO] [stdout]     |
[INFO] [stdout] help: remove these braces
[INFO] [stdout]     |
[INFO] [stdout] 245 -                         if { current_score < last_current_score } {
[INFO] [stdout] 245 +                         if current_score < last_current_score {
[INFO] [stdout]     |
[INFO] [stdout] 
[INFO] [stdout] 
[INFO] [stdout] warning: unnecessary braces around `if` condition
[INFO] [stdout]    --> src/lib.rs:247:32
[INFO] [stdout]     |
[INFO] [stdout] 247 | ...                   if { current_score < new_score } {
[INFO] [stdout]     |                          ^^                         ^^
[INFO] [stdout]     |
[INFO] [stdout] help: remove these braces
[INFO] [stdout]     |
[INFO] [stdout] 247 -                             if { current_score < new_score } {
[INFO] [stdout] 247 +                             if current_score < new_score {
[INFO] [stdout]     |
[INFO] [stdout] 
[INFO] [stdout] 
[INFO] [stdout] warning: unnecessary braces around `if` condition
[INFO] [stdout]   --> src/lib.rs:68:48
[INFO] [stdout]    |
[INFO] [stdout] 68 |         let largest_layer_capacity: usize = if { nodes_in_layer + 1 > output_size } {
[INFO] [stdout]    |                                                ^^                                ^^
[INFO] [stdout]    |
[INFO] [stdout]    = note: `#[warn(unused_braces)]` on by default
[INFO] [stdout] help: remove these braces
[INFO] [stdout]    |
[INFO] [stdout] 68 -         let largest_layer_capacity: usize = if { nodes_in_layer + 1 > output_size } {
[INFO] [stdout] 68 +         let largest_layer_capacity: usize = if nodes_in_layer + 1 > output_size {
[INFO] [stdout]    |
[INFO] [stdout] 
[INFO] [stdout] 
[INFO] [stdout] warning: unnecessary braces around `if` condition
[INFO] [stdout]    --> src/lib.rs:258:16
[INFO] [stdout]     |
[INFO] [stdout] 258 |             if { new_score < previous_score } {
[INFO] [stdout]     |                ^^                          ^^
[INFO] [stdout]     |
[INFO] [stdout] help: remove these braces
[INFO] [stdout]     |
[INFO] [stdout] 258 -             if { new_score < previous_score } {
[INFO] [stdout] 258 +             if new_score < previous_score {
[INFO] [stdout]     |
[INFO] [stdout] 
[INFO] [stdout] 
[INFO] [stdout] warning: unnecessary braces around `if` condition
[INFO] [stdout]    --> src/lib.rs:245:28
[INFO] [stdout]     |
[INFO] [stdout] 245 |                         if { current_score < last_current_score } {
[INFO] [stdout]     |                            ^^                                  ^^
[INFO] [stdout]     |
[INFO] [stdout] help: remove these braces
[INFO] [stdout]     |
[INFO] [stdout] 245 -                         if { current_score < last_current_score } {
[INFO] [stdout] 245 +                         if current_score < last_current_score {
[INFO] [stdout]     |
[INFO] [stdout] 
[INFO] [stdout] 
[INFO] [stdout] warning: unnecessary braces around `if` condition
[INFO] [stdout]    --> src/lib.rs:247:32
[INFO] [stdout]     |
[INFO] [stdout] 247 | ...                   if { current_score < new_score } {
[INFO] [stdout]     |                          ^^                         ^^
[INFO] [stdout]     |
[INFO] [stdout] help: remove these braces
[INFO] [stdout]     |
[INFO] [stdout] 247 -                             if { current_score < new_score } {
[INFO] [stdout] 247 +                             if current_score < new_score {
[INFO] [stdout]     |
[INFO] [stdout] 
[INFO] [stdout] 
[INFO] [stdout] warning: unnecessary braces around `if` condition
[INFO] [stdout]    --> src/lib.rs:258:16
[INFO] [stdout]     |
[INFO] [stdout] 258 |             if { new_score < previous_score } {
[INFO] [stdout]     |                ^^                          ^^
[INFO] [stdout]     |
[INFO] [stdout] help: remove these braces
[INFO] [stdout]     |
[INFO] [stdout] 258 -             if { new_score < previous_score } {
[INFO] [stdout] 258 +             if new_score < previous_score {
[INFO] [stdout]     |
[INFO] [stdout] 
[INFO] [stdout] 
[INFO] [stdout] warning: unnecessary braces around `if` condition
[INFO] [stdout]    --> src/lib.rs:277:16
[INFO] [stdout]     |
[INFO] [stdout] 277 |             if { score < best_score } {
[INFO] [stdout]     |                ^^                  ^^
[INFO] [stdout]     |
[INFO] [stdout] help: remove these braces
[INFO] [stdout]     |
[INFO] [stdout] 277 -             if { score < best_score } {
[INFO] [stdout] 277 +             if score < best_score {
[INFO] [stdout]     |
[INFO] [stdout] 
[INFO] [stdout] 
[INFO] [stdout] warning: unnecessary braces around `if` condition
[INFO] [stdout]    --> src/lib.rs:277:16
[INFO] [stdout]     |
[INFO] [stdout] 277 |             if { score < best_score } {
[INFO] [stdout]     |                ^^                  ^^
[INFO] [stdout]     |
[INFO] [stdout] help: remove these braces
[INFO] [stdout]     |
[INFO] [stdout] 277 -             if { score < best_score } {
[INFO] [stdout] 277 +             if score < best_score {
[INFO] [stdout]     |
[INFO] [stdout] 
[INFO] [stdout] 
[INFO] [stdout] warning: 5 warnings emitted
[INFO] [stdout] 
[INFO] [stdout] 
[INFO] [stdout] warning: 5 warnings emitted
[INFO] [stdout] 
[INFO] [stdout] 
[INFO] [stdout] error[E0412]: cannot find type `ML` in this scope
[INFO] [stdout]  --> src/main.rs:3:26
[INFO] [stdout]   |
[INFO] [stdout] 3 |     let mut the_machine: ML = ML::new(4, 5, 5, 5);
[INFO] [stdout]   |                          ^^ not found in this scope
[INFO] [stdout]   |
[INFO] [stdout] help: consider importing one of these items
[INFO] [stdout]   |
[INFO] [stdout] 1 + use crate::predictive::ML;
[INFO] [stdout]   |
[INFO] [stdout] 1 + use predictive::ML;
[INFO] [stdout]   |
[INFO] [stdout] 
[INFO] [stdout] 
[INFO] [stdout] error[E0412]: cannot find type `ML` in this scope
[INFO] [stdout]  --> src/main.rs:3:26
[INFO] [stdout]   |
[INFO] [stdout] 3 |     let mut the_machine: ML = ML::new(4, 5, 5, 5);
[INFO] [stdout]   |                          ^^ not found in this scope
[INFO] [stdout]   |
[INFO] [stdout] help: consider importing one of these items
[INFO] [stdout]   |
[INFO] [stdout] 1 + use crate::predictive::ML;
[INFO] [stdout]   |
[INFO] [stdout] 1 + use predictive::ML;
[INFO] [stdout]   |
[INFO] [stdout] 
[INFO] [stdout] 
[INFO] [stdout] error[E0433]: failed to resolve: use of undeclared type `ML`
[INFO] [stdout]  --> src/main.rs:3:31
[INFO] [stdout]   |
[INFO] [stdout] 3 |     let mut the_machine: ML = ML::new(4, 5, 5, 5);
[INFO] [stdout]   |                               ^^ use of undeclared type `ML`
[INFO] [stdout]   |
[INFO] [stdout] help: consider importing one of these items
[INFO] [stdout]   |
[INFO] [stdout] 1 + use crate::predictive::ML;
[INFO] [stdout]   |
[INFO] [stdout] 1 + use predictive::ML;
[INFO] [stdout]   |
[INFO] [stdout] 
[INFO] [stdout] 
[INFO] [stdout] warning: unused import: `predictive`
[INFO] [stdout]  --> src/main.rs:1:5
[INFO] [stdout]   |
[INFO] [stdout] 1 | use predictive;
[INFO] [stdout]   |     ^^^^^^^^^^
[INFO] [stdout]   |
[INFO] [stdout]   = note: `#[warn(unused_imports)]` on by default
[INFO] [stdout] 
[INFO] [stdout] 
[INFO] [stdout] error[E0433]: failed to resolve: use of undeclared type `ML`
[INFO] [stdout]  --> src/main.rs:3:31
[INFO] [stdout]   |
[INFO] [stdout] 3 |     let mut the_machine: ML = ML::new(4, 5, 5, 5);
[INFO] [stdout]   |                               ^^ use of undeclared type `ML`
[INFO] [stdout]   |
[INFO] [stdout] help: consider importing one of these items
[INFO] [stdout]   |
[INFO] [stdout] 1 + use crate::predictive::ML;
[INFO] [stdout]   |
[INFO] [stdout] 1 + use predictive::ML;
[INFO] [stdout]   |
[INFO] [stdout] 
[INFO] [stdout] 
[INFO] [stdout] warning: unused import: `predictive`
[INFO] [stdout]  --> src/main.rs:1:5
[INFO] [stdout]   |
[INFO] [stdout] 1 | use predictive;
[INFO] [stdout]   |     ^^^^^^^^^^
[INFO] [stdout]   |
[INFO] [stdout]   = note: `#[warn(unused_imports)]` on by default
[INFO] [stdout] 
[INFO] [stdout] 
[INFO] [stdout] error: aborting due to 2 previous errors; 1 warning emitted
[INFO] [stdout] 
[INFO] [stdout] 
[INFO] [stdout] Some errors have detailed explanations: E0412, E0433.
[INFO] [stdout] 
[INFO] [stdout] For more information about an error, try `rustc --explain E0412`.
[INFO] [stdout] 
[INFO] [stdout] error: aborting due to 2 previous errors; 1 warning emitted
[INFO] [stdout] 
[INFO] [stdout] 
[INFO] [stdout] Some errors have detailed explanations: E0412, E0433.
[INFO] [stdout] 
[INFO] [stdout] For more information about an error, try `rustc --explain E0412`.
[INFO] [stdout] 
[INFO] [stderr] error: could not compile `predictive` (bin "predictive") due to 3 previous errors; 1 warning emitted
[INFO] [stderr] warning: build failed, waiting for other jobs to finish...
[INFO] [stderr] error: could not compile `predictive` (bin "predictive" test) due to 3 previous errors; 1 warning emitted
[INFO] running `Command { std: "docker" "inspect" "eb9d78fd93c2ce72b3907cca317d4e98e580007a204fe1ab0ffc8e94e2a5c26a", kill_on_drop: false }`
[INFO] running `Command { std: "docker" "rm" "-f" "eb9d78fd93c2ce72b3907cca317d4e98e580007a204fe1ab0ffc8e94e2a5c26a", kill_on_drop: false }`
[INFO] [stdout] eb9d78fd93c2ce72b3907cca317d4e98e580007a204fe1ab0ffc8e94e2a5c26a
